{"id":539,"date":"2018-03-13T12:14:57","date_gmt":"2018-03-13T10:14:57","guid":{"rendered":"http:\/\/ziran.fi\/?page_id=539"},"modified":"2024-02-12T15:35:44","modified_gmt":"2024-02-12T13:35:44","slug":"portfolio","status":"publish","type":"page","link":"https:\/\/ziran.fi\/?page_id=539&lang=fi","title":{"rendered":"Portfolio"},"content":{"rendered":"\n<p><span style=\"font-size: 14pt; color: #333333; font-family: tox-typewriter;\">Portfolio on k\u00e4\u00e4nn\u00f6sprosessissa, ja tulee t\u00e4nne pian selke\u00e4ll\u00e4 suomen kielell\u00e4.<\/span><\/p>\n\n\n\n<p><span style=\"font-size: 14pt; color: #333333; font-family: tox-typewriter;\">T\u00e4m\u00e4nhetkiset ty\u00f6n\u00e4ytteet l\u00f6ytyv\u00e4t englanniksi Showcase &#8211; osiosta: <\/span><\/p>\n\n\n\n<p><span style=\"font-size: 14pt; color: #808080; font-family: tox-typewriter;\"><a style=\"color: #808080;\" href=\"https:\/\/ziran.fi\/?page_id=480&amp;lang=en\">SHOWCASE (ENG)<\/a><\/span><\/p>\n\n\n\n<hr class=\"wp-block-separator has-css-opacity\"\/>\n\n\n\n<p><a href=\"https:\/\/ziran.fi\/?page_id=1582&amp;lang=en\"><span style=\"font-family: tox-typewriter;\"><span style=\"color: #000000;\">THE COLOURS OF HANIKKA \/ Event coordination &amp; Installation and light design<\/span><\/span><\/a><\/p>\n\n\n\n<hr class=\"wp-block-separator has-css-opacity\"\/>\n\n\n\n<p class=\"has-black-color has-text-color has-link-color wp-elements-b26aa71a21b47866ab3c611b51bba31d\"><span style=\"font-family: tox-typewriter;\"><a href=\"https:\/\/ziran.fi\/?page_id=1662&amp;lang=en\" target=\"_blank\" rel=\"noreferrer noopener\">GARDEN &amp; PAVILION \/ The whole shabang<\/a><\/span><\/p>\n\n\n\n<hr class=\"wp-block-separator has-css-opacity\"\/>\n\n\n\n<p><span style=\"font-family: tox-typewriter; font-size: 12pt; color: #000000;\"><a style=\"color: #000000;\" href=\"https:\/\/ziran.fi\/?page_id=1643&amp;lang=en\">URANIUM LAMP \/ Set build process<\/a><\/span><\/p>\n\n\n\n<hr class=\"wp-block-separator has-css-opacity\"\/>\n\n\n\n<p><span style=\"font-size: 12pt; color: #000000; font-family: tox-typewriter;\"><a style=\"color: #000000;\" href=\"https:\/\/ziran.fi\/?page_id=609&amp;lang=en\">SLUSH \/ Visual design &amp; Decoration team lead<\/a> <\/span><\/p>\n\n\n\n<hr class=\"wp-block-separator has-css-opacity\"\/>\n\n\n\n<p><span style=\"font-size: 12pt; color: #000000; font-family: tox-typewriter;\"><a style=\"color: #000000;\" href=\"https:\/\/ziran.fi\/?page_id=616&amp;lang=en\">FLOW FESTIVAL \/ Production coordination &amp; Structural design<\/a><\/span><\/p>\n\n\n\n<hr class=\"wp-block-separator has-css-opacity\"\/>\n\n\n\n<p><span style=\"color: #000000;\"><a style=\"color: #000000;\" href=\"https:\/\/ziran.fi\/?page_id=1543&amp;lang=en\"><span style=\"font-family: tox-typewriter;\">RUISROCK \/ Visual design, production and implementation<\/span><\/a><\/span><\/p>\n\n\n\n<hr class=\"wp-block-separator has-css-opacity\"\/>\n\n\n\n<p><span style=\"font-size: 12pt; color: #000000; font-family: tox-typewriter;\"><a style=\"color: #000000;\" href=\"https:\/\/ziran.fi\/?page_id=643&amp;lang=en\">THE DECAMERON \/ Technical supervision, Light &amp; Set design<\/a><\/span><\/p>\n\n\n\n<hr class=\"wp-block-separator has-css-opacity\"\/>\n\n\n\n<p><span style=\"font-size: 12pt; color: #000000; font-family: tox-typewriter;\"><a style=\"color: #000000;\" href=\"https:\/\/ziran.fi\/?page_id=666&amp;lang=en\">HELSINKI CHINESE NEW YEAR \/ Performer production<\/a><\/span><\/p>\n\n\n\n<hr class=\"wp-block-separator has-css-opacity\"\/>\n\n\n\n<p><span style=\"font-size: 12pt; color: #000000; font-family: tox-typewriter;\"><a style=\"color: #000000;\" href=\"https:\/\/ziran.fi\/?page_id=682&amp;lang=en\">HELSINKI FESTIVAL \/ Technical production 2019, Installation build 2016, Event coordination 2015<\/a><\/span><\/p>\n\n\n\n<hr class=\"wp-block-separator has-css-opacity\"\/>\n\n\n\n<p><span style=\"font-size: 12pt; color: #000000; font-family: tox-typewriter;\"><a style=\"color: #000000;\" href=\"https:\/\/ziran.fi\/?page_id=702&amp;lang=en\">H2\u00d6 FESTIVAL \/ Visual artist 2014 &#8211; 2016<\/a><\/span><\/p>\n","protected":false},"excerpt":{"rendered":"<p>Portfolio on k\u00e4\u00e4nn\u00f6sprosessissa, ja tulee t\u00e4nne pian selke\u00e4ll\u00e4 suomen kielell\u00e4. T\u00e4m\u00e4nhetkiset ty\u00f6n\u00e4ytteet l\u00f6ytyv\u00e4t englanniksi Showcase &#8211; osiosta: SHOWCASE (ENG) THE COLOURS OF HANIKKA \/ Event coordination &amp; Installation and light design GARDEN &amp; PAVILION \/ The whole shabang URANIUM LAMP \/ Set build process SLUSH \/ Visual design &amp; Decoration team lead FLOW FESTIVAL \/<\/p>\n<p class=\"more-link-wrapper\"><a href=\"https:\/\/ziran.fi\/?page_id=539&#038;lang=fi\" class=\"more-link\">Continue Reading<span class=\"screen-reader-text\"> &#8220;Portfolio&#8221;<\/span><\/a><\/p>\n","protected":false},"author":1,"featured_media":0,"parent":0,"menu_order":0,"comment_status":"closed","ping_status":"closed","template":"","meta":{"footnotes":""},"_links":{"self":[{"href":"https:\/\/ziran.fi\/index.php?rest_route=\/wp\/v2\/pages\/539"}],"collection":[{"href":"https:\/\/ziran.fi\/index.php?rest_route=\/wp\/v2\/pages"}],"about":[{"href":"https:\/\/ziran.fi\/index.php?rest_route=\/wp\/v2\/types\/page"}],"author":[{"embeddable":true,"href":"https:\/\/ziran.fi\/index.php?rest_route=\/wp\/v2\/users\/1"}],"replies":[{"embeddable":true,"href":"https:\/\/ziran.fi\/index.php?rest_route=%2Fwp%2Fv2%2Fcomments&post=539"}],"version-history":[{"count":13,"href":"https:\/\/ziran.fi\/index.php?rest_route=\/wp\/v2\/pages\/539\/revisions"}],"predecessor-version":[{"id":1789,"href":"https:\/\/ziran.fi\/index.php?rest_route=\/wp\/v2\/pages\/539\/revisions\/1789"}],"wp:attachment":[{"href":"https:\/\/ziran.fi\/index.php?rest_route=%2Fwp%2Fv2%2Fmedia&parent=539"}],"curies":[{"name":"wp","href":"https:\/\/api.w.org\/{rel}","templated":true}]}}